{"id":38,"date":"2015-06-07T13:51:38","date_gmt":"2015-06-07T13:51:38","guid":{"rendered":"http:\/\/skolafotografijerijeka.com\/?page_id=38"},"modified":"2015-06-09T05:15:48","modified_gmt":"2015-06-09T05:15:48","slug":"kutija-za-cipele","status":"publish","type":"page","link":"http:\/\/skolafotografijerijeka.com\/index.php\/kutija-za-cipele\/","title":{"rendered":"KUTIJA ZA CIPELE"},"content":{"rendered":"<p>Evo ovo je napisao g. Dubrovi\u0107 za moju izlo\u017ebu Hommage Nicerforu Niepcu<\/p>\n<p style=\"text-align: justify;\">CAMERA OBSCURA BORISLAVA BO\u017dI\u0106A<\/p>\n<p style=\"text-align: justify;\">U gotovo dvjestogodi\u0161njoj povijesti fotografije, koliko je proteklo od najranijih eksperimenata do danas, od najranijih po\u010detaka do digitalne kamere, tek je najnovija tehnolo\u0161ka revolucija, ona s kraja dvadesetoga stolje\u0107a, uzdrmala cijeli sustav, sve do samih temelja fotografije.<\/p>\n<p style=\"text-align: justify;\">Odavna je ve\u0107 nepotrebno obja\u0161njavati gotovo nepremostivu razliku u tehnologiji izme\u0111u \u201eklasi\u010dne\u201c i digitalne fotografije, kao \u0161to je, na primjer, nepotrebno obja\u0161njavati razliku izme\u0111u gramofonske plo\u010de i CD-a.<br \/>\nNo va\u017eno je podsjetiti da je prijeloman tehnolo\u0161ki obrat posve poni\u0161tio nekada\u0161nju podjelu na kemijsku \u201esvjetlopisnu\u201c (fotografsku) sliku i na elektronske vizualne medije.<br \/>\nDigitalizacija je u svega nekoliko godina postigla da se mnogima ranija \u201efotografska\u201c vremena ve\u0107 \u010dine pretpotopnima!<\/p>\n<p style=\"text-align: justify;\">Ono \u0161to je zauvijek prepu\u0161teno povijesti samim prestankom \u017eivota stje\u010de posve novi tretman.<\/p>\n<p style=\"text-align: justify;\">Zato Bo\u017ei\u0107eva ve\u0107 vi\u0161egodi\u0161nja posve\u0107enost korijenima fotografije i rad s camerom obscurom ima posebno zna\u010denje, koje nikako ne bi mogao imati u preddigitalno doba.<br \/>\nNaro\u010dita svijest o mediju (ili medijima), o tehnologiji, o mogu\u0107nostima, koje se sa stajali\u0161ta ljubitelja napretka \u010dine gotovo apsurdnim ili bar \u2013 nepotrebnim &#8211; okre\u0107u ga ishodi\u0161noj napravi, tamnoj komori.<br \/>\nTo staro slikarsko pomagalo stolje\u0107ima ne zna trajno fiksirati sliku, no usavr\u0161eno i s dodatkom objektiva i filma (filmske plo\u010de), uspje\u0161no i bez konkurencije snima puno stolje\u0107e i pol.<\/p>\n<p style=\"text-align: justify;\">Bo\u017ei\u0107 je od djetinjstva fasciniran upravo \u010dinjenicom da se fotografija mo\u017ee snimiti najjednostavnijim, najosnovnijim i gotovo zaboravljenim pomagalom.<br \/>\nKutija za cipele s rupicom i komadi\u0107em filma u reprodukciji svijeta ima va\u017enost kao poluga u sveop\u0107oj povijesti \u010dovje\u010danstva!<\/p>\n<p style=\"text-align: justify;\">Odu\u0161evljenje jednostavno\u0161\u0107u tehni\u010dkih aspekata naprave, sklonost pou\u010davanju mladih i jo\u0161 vi\u0161e fascinacija kreativnim mogu\u0107nostima, doveli su ga do vi\u0161egodi\u0161njeg i jo\u0161 uvijek neposustalog razvijanja strasti koja se kre\u0107e razli\u010ditim pravcima i vizualizacijama raznorodnih tema.<br \/>\nRije\u010dki prizori, Gradski toranj, Korzo, krovovi, luka, brodovi, jedna su strana fascinacije, koja prizore multiplicira i prikazuje ih u \u0161irokim panoramama, obuhva\u0107aju\u0107i pogled od 180 ili \u010dak 360 stupnjeva.<br \/>\nZa razne je namjene Bo\u017ei\u0107 morao konstruirati razli\u010dite camere obscure, poput one s naj\u0161irim okom, kartonskim valjkom s rupicama uokolo oboda, koji snima u rasponu od 360 stupnjeva.<\/p>\n<p style=\"text-align: justify;\">No izbor alata samo dijelom odre\u0111uje rezultat.<br \/>\nSnimci Rijeke, mahom su repetirani prizori, zapisi snimljeni kroz vi\u0161e rupica na cameri koji katkad ostvaruju doista odu\u0161evljavaju\u0107e rezultate. Multipliciranje \u201epomaknutih\u201c vizura unutar istoga panoramskog prizora stvara neobi\u010dne slike, re-konstruira grad i \u010dini ga monumentalnim.<\/p>\n<p style=\"text-align: justify;\">Posve su druga\u010diji i posve komorni prizori iz interijera, koji namjesto svjetlosnog i koloristi\u010dkog pr\u0161tavila eksterijera, namjesto poigravanja \u0161irokim vizurama i monumentalizmom pru\u017eaju neo\u010dekivano rigidnu i nespektakularnu sliku. Pojedinosti s radnog stola, usko izdvojeni detalji i predmeti zumirani do neprepoznatljivosti stvaraju posve nepretencioznu ali i pomalo boemsku i pomalo nadrealnu sliku, kojoj posebno ozra\u010dje daje odre\u0111ena meko\u0107a oka, rupice umjesto objektiva, i du\u017ea ekspozicija od one \u0161to se obi\u010dno odre\u0111uje mehani\u010dkim zatvara\u010dem.<\/p>\n<p style=\"text-align: justify;\">Borislav Bo\u017ei\u0107 se posljednjih godina nesumnjivo nametnuo i izborio mjesto najizra\u017eajnije osobnosti aktualne rije\u010dke fotografije koja, unato\u010d generacijskoj pripadnosti onima koji su ve\u0107 davno imali svoju pravu promociju, plijeni zaslu\u017eenu pa\u017enju upravo sada. Njegova vizualnost spaja i premo\u0161\u0107uje epohe razli\u010ditih gledanja i razli\u010dite slike, mogli bismo re\u0107i od predfotografske do postdigitalne ere.<\/p>\n<p style=\"text-align: justify;\">Ervin Dubrovi\u0107<\/p>\n","protected":false},"excerpt":{"rendered":"<p>Evo ovo je napisao g. Dubrovi\u0107 za moju izlo\u017ebu Hommage Nicerforu Niepcu CAMERA OBSCURA BORISLAVA BO\u017dI\u0106A U gotovo dvjestogodi\u0161njoj povijesti fotografije, koliko je proteklo od najranijih eksperimenata do danas, od najranijih po\u010detaka do digitalne kamere, tek je najnovija tehnolo\u0161ka revolucija, ona s kraja dvadesetoga stolje\u0107a, uzdrmala cijeli sustav, sve do\u2026 <a class=\"continue-reading-link\" href=\"http:\/\/skolafotografijerijeka.com\/index.php\/kutija-za-cipele\/\">\u010cITAJ DALJE<\/a><\/p>\n","protected":false},"author":1,"featured_media":0,"parent":0,"menu_order":0,"comment_status":"closed","ping_status":"closed","template":"","meta":[],"_links":{"self":[{"href":"http:\/\/skolafotografijerijeka.com\/index.php\/wp-json\/wp\/v2\/pages\/38"}],"collection":[{"href":"http:\/\/skolafotografijerijeka.com\/index.php\/wp-json\/wp\/v2\/pages"}],"about":[{"href":"http:\/\/skolafotografijerijeka.com\/index.php\/wp-json\/wp\/v2\/types\/page"}],"author":[{"embeddable":true,"href":"http:\/\/skolafotografijerijeka.com\/index.php\/wp-json\/wp\/v2\/users\/1"}],"replies":[{"embeddable":true,"href":"http:\/\/skolafotografijerijeka.com\/index.php\/wp-json\/wp\/v2\/comments?post=38"}],"version-history":[{"count":3,"href":"http:\/\/skolafotografijerijeka.com\/index.php\/wp-json\/wp\/v2\/pages\/38\/revisions"}],"predecessor-version":[{"id":171,"href":"http:\/\/skolafotografijerijeka.com\/index.php\/wp-json\/wp\/v2\/pages\/38\/revisions\/171"}],"wp:attachment":[{"href":"http:\/\/skolafotografijerijeka.com\/index.php\/wp-json\/wp\/v2\/media?parent=38"}],"curies":[{"name":"wp","href":"https:\/\/api.w.org\/{rel}","templated":true}]}}