{"id":21,"date":"2015-06-07T04:29:33","date_gmt":"2015-06-07T04:29:33","guid":{"rendered":"http:\/\/skolafotografijerijeka.com\/?page_id=21"},"modified":"2024-02-03T17:02:07","modified_gmt":"2024-02-03T17:02:07","slug":"osnovni-modul","status":"publish","type":"page","link":"http:\/\/skolafotografijerijeka.com\/index.php\/osnovni-modul\/","title":{"rendered":"OSNOVNI TE\u010cAJ DIGITALNE FOTOGRAFIJE"},"content":{"rendered":"<p style=\"text-align: justify;\">Nema ni\u0161ta ljep\u0161e nego kada dobijemo novi fotoaparat i to jo\u0161 u ovim digitalnim vremenima. Jer dana\u0161nji fotoaparati su mala tehni\u010dko-tehnolo\u0161ka savr\u0161ena pomagala. Da, ba\u0161 pomagala, jer nas osloba\u0111aju napora pam\u0107enja, jer s njima fotografiramo sve i sva\u0161ta, a da nas ni\u0161ta ne ko\u0161ta. Fotografiramo porodi\u010dne situacije ili pak bilje\u0161ke s putovanja ili bilo \u0161to drugo \u0161to nas okru\u017euje u svakodnevnom \u017eivotu a nama je va\u017eno i ho\u0107emo to da imamo na fotografiji za uspomenu. Eto, nema ni\u0161ta ljep\u0161e, ovi digitalni aparati doista su prilago\u0111eni i proizvode se za sve namjene i potrebe. No, vrlo brzo, nakon nekog vremena shvatimo da nam nisu fotografije onakve kakve smo ih zami\u0161ljali ili kakve vidimo kod drugih, a imaju isti aparat. Dakle, klju\u010d je u snimatelju-fotografu a ne u aparatu. To je trenutak kada treba do\u0107i u \u0161kolu fotografije i nau\u010diti osnove. \u0160to je to \u0161to mi imamo u rukama, kakav je to fotoaparat i \u0161to sve mo\u017eemo s njim? Osnovni te\u010daj podrazumijeva upoznavanje svih funkcionalnih dijelova fotoaparata i kako ih suvislo koristiti s ciljem dobivanja \u0161to boljih fotografija.<\/p>\n<p>Ovdje preuzmi\u00a0<span style=\"color: #ff6600;\"><a style=\"color: #ff6600;\" href=\"http:\/\/skolafotografijerijeka.com\/wp-content\/uploads\/2015\/06\/Prijavnica-za-sve-module_.doc\">prijavnicu<\/a><\/span> popuni ju i po\u0161alji na nazna\u010denu adresu<\/p>\n<p><a href=\"http:\/\/skolafotografijerijeka.com\/wp-content\/uploads\/2015\/06\/6mmview.jpg\"><img loading=\"lazy\" class=\"alignleft wp-image-414\" src=\"http:\/\/skolafotografijerijeka.com\/wp-content\/uploads\/2015\/06\/6mmview.jpg\" alt=\"6mmview\" width=\"126\" height=\"100\" srcset=\"http:\/\/skolafotografijerijeka.com\/wp-content\/uploads\/2015\/06\/6mmview.jpg 151w, http:\/\/skolafotografijerijeka.com\/wp-content\/uploads\/2015\/06\/6mmview-150x119.jpg 150w\" sizes=\"(max-width: 126px) 100vw, 126px\" \/><\/a><\/p>\n<p><a href=\"http:\/\/skolafotografijerijeka.com\/wp-content\/uploads\/2015\/06\/BLENDA-.jpg\"><img loading=\"lazy\" class=\"alignleft wp-image-413\" src=\"http:\/\/skolafotografijerijeka.com\/wp-content\/uploads\/2015\/06\/BLENDA-.jpg\" alt=\"BLENDA\" width=\"400\" height=\"100\" srcset=\"http:\/\/skolafotografijerijeka.com\/wp-content\/uploads\/2015\/06\/BLENDA-.jpg 480w, http:\/\/skolafotografijerijeka.com\/wp-content\/uploads\/2015\/06\/BLENDA--300x75.jpg 300w, http:\/\/skolafotografijerijeka.com\/wp-content\/uploads\/2015\/06\/BLENDA--250x63.jpg 250w, http:\/\/skolafotografijerijeka.com\/wp-content\/uploads\/2015\/06\/BLENDA--150x38.jpg 150w\" sizes=\"(max-width: 400px) 100vw, 400px\" \/><\/a><\/p>\n<p><a href=\"http:\/\/skolafotografijerijeka.com\/wp-content\/uploads\/2015\/06\/CENTRALNI-ZATVARA\u010c-a.jpg\"><img loading=\"lazy\" class=\"alignright wp-image-415\" src=\"http:\/\/skolafotografijerijeka.com\/wp-content\/uploads\/2015\/06\/CENTRALNI-ZATVARA\u010c-a.jpg\" alt=\"CENTRALNI ZATVARA\u010c a\" width=\"328\" height=\"100\" srcset=\"http:\/\/skolafotografijerijeka.com\/wp-content\/uploads\/2015\/06\/CENTRALNI-ZATVARA\u010c-a.jpg 393w, http:\/\/skolafotografijerijeka.com\/wp-content\/uploads\/2015\/06\/CENTRALNI-ZATVARA\u010c-a-300x92.jpg 300w, http:\/\/skolafotografijerijeka.com\/wp-content\/uploads\/2015\/06\/CENTRALNI-ZATVARA\u010c-a-250x76.jpg 250w, http:\/\/skolafotografijerijeka.com\/wp-content\/uploads\/2015\/06\/CENTRALNI-ZATVARA\u010c-a-150x46.jpg 150w\" sizes=\"(max-width: 328px) 100vw, 328px\" \/><\/a><a href=\"http:\/\/skolafotografijerijeka.com\/wp-content\/uploads\/2015\/06\/Naslovna-\u0161kola-4.jpg\"><img loading=\"lazy\" class=\"aligncenter size-full wp-image-174\" src=\"http:\/\/skolafotografijerijeka.com\/wp-content\/uploads\/2015\/06\/Naslovna-\u0161kola-4.jpg\" alt=\"Naslovna \u0161kola 4\" width=\"1050\" height=\"330\" srcset=\"http:\/\/skolafotografijerijeka.com\/wp-content\/uploads\/2015\/06\/Naslovna-\u0161kola-4.jpg 1050w, http:\/\/skolafotografijerijeka.com\/wp-content\/uploads\/2015\/06\/Naslovna-\u0161kola-4-300x94.jpg 300w, http:\/\/skolafotografijerijeka.com\/wp-content\/uploads\/2015\/06\/Naslovna-\u0161kola-4-1024x322.jpg 1024w\" sizes=\"(max-width: 1050px) 100vw, 1050px\" \/><\/a><\/p>\n","protected":false},"excerpt":{"rendered":"<p>Nema ni\u0161ta ljep\u0161e nego kada dobijemo novi fotoaparat i to jo\u0161 u ovim digitalnim vremenima. Jer dana\u0161nji fotoaparati su mala tehni\u010dko-tehnolo\u0161ka savr\u0161ena pomagala. Da, ba\u0161 pomagala, jer nas osloba\u0111aju napora pam\u0107enja, jer s njima fotografiramo sve i sva\u0161ta, a da nas ni\u0161ta ne ko\u0161ta. Fotografiramo porodi\u010dne situacije ili pak bilje\u0161ke\u2026 <a class=\"continue-reading-link\" href=\"http:\/\/skolafotografijerijeka.com\/index.php\/osnovni-modul\/\">\u010cITAJ DALJE<\/a><\/p>\n","protected":false},"author":1,"featured_media":0,"parent":0,"menu_order":0,"comment_status":"closed","ping_status":"closed","template":"","meta":[],"_links":{"self":[{"href":"http:\/\/skolafotografijerijeka.com\/index.php\/wp-json\/wp\/v2\/pages\/21"}],"collection":[{"href":"http:\/\/skolafotografijerijeka.com\/index.php\/wp-json\/wp\/v2\/pages"}],"about":[{"href":"http:\/\/skolafotografijerijeka.com\/index.php\/wp-json\/wp\/v2\/types\/page"}],"author":[{"embeddable":true,"href":"http:\/\/skolafotografijerijeka.com\/index.php\/wp-json\/wp\/v2\/users\/1"}],"replies":[{"embeddable":true,"href":"http:\/\/skolafotografijerijeka.com\/index.php\/wp-json\/wp\/v2\/comments?post=21"}],"version-history":[{"count":26,"href":"http:\/\/skolafotografijerijeka.com\/index.php\/wp-json\/wp\/v2\/pages\/21\/revisions"}],"predecessor-version":[{"id":1641,"href":"http:\/\/skolafotografijerijeka.com\/index.php\/wp-json\/wp\/v2\/pages\/21\/revisions\/1641"}],"wp:attachment":[{"href":"http:\/\/skolafotografijerijeka.com\/index.php\/wp-json\/wp\/v2\/media?parent=21"}],"curies":[{"name":"wp","href":"https:\/\/api.w.org\/{rel}","templated":true}]}}

OSNOVNI TEČAJ DIGITALNE FOTOGRAFIJE

<p style="text-align: justify;">Nema ništa ljepše nego kada dobijemo novi fotoaparat i to još u ovim digitalnim vremenima. Jer današnji fotoaparati su mala tehničko-tehnološka savršena pomagala. Da, baš pomagala, jer nas oslobađaju napora pamćenja, jer s njima fotografiramo sve i svašta, a da nas ništa ne košta. Fotografiramo porodične situacije ili pak bilješke s putovanja ili bilo što drugo što nas okružuje u svakodnevnom životu a nama je važno i hoćemo to da imamo na fotografiji za uspomenu. Eto, nema ništa ljepše, ovi digitalni aparati doista su prilagođeni i proizvode se za sve namjene i potrebe. No, vrlo brzo, nakon nekog vremena shvatimo da nam nisu fotografije onakve kakve smo ih zamišljali ili kakve vidimo kod drugih, a imaju isti aparat. Dakle, ključ je u snimatelju-fotografu a ne u aparatu. To je trenutak kada treba doći u školu fotografije i naučiti osnove. Što je to što mi imamo u rukama, kakav je to fotoaparat i što sve možemo s njim? Osnovni tečaj podrazumijeva upoznavanje svih funkcionalnih dijelova fotoaparata i kako ih suvislo koristiti s ciljem dobivanja što boljih fotografija.</p>
<p>Ovdje preuzmi <span style="color: #ff6600;"><a style="color: #ff6600;" href="http://skolafotografijerijeka.com/wp-content/uploads/2015/06/Prijavnica-za-sve-module_.doc">prijavnicu</a></span> popuni ju i pošalji na naznačenu adresu</p>
<p><a href="http://skolafotografijerijeka.com/wp-content/uploads/2015/06/6mmview.jpg"><img loading="lazy" class="alignleft wp-image-414" src="http://skolafotografijerijeka.com/wp-content/uploads/2015/06/6mmview.jpg" alt="6mmview" width="126" height="100" srcset="http://skolafotografijerijeka.com/wp-content/uploads/2015/06/6mmview.jpg 151w, http://skolafotografijerijeka.com/wp-content/uploads/2015/06/6mmview-150x119.jpg 150w" sizes="(max-width: 126px) 100vw, 126px" /></a></p>
<p><a href="http://skolafotografijerijeka.com/wp-content/uploads/2015/06/BLENDA-.jpg"><img loading="lazy" class="alignleft wp-image-413" src="http://skolafotografijerijeka.com/wp-content/uploads/2015/06/BLENDA-.jpg" alt="BLENDA" width="400" height="100" srcset="http://skolafotografijerijeka.com/wp-content/uploads/2015/06/BLENDA-.jpg 480w, http://skolafotografijerijeka.com/wp-content/uploads/2015/06/BLENDA--300x75.jpg 300w, http://skolafotografijerijeka.com/wp-content/uploads/2015/06/BLENDA--250x63.jpg 250w, http://skolafotografijerijeka.com/wp-content/uploads/2015/06/BLENDA--150x38.jpg 150w" sizes="(max-width: 400px) 100vw, 400px" /></a></p>
<p><a href="http://skolafotografijerijeka.com/wp-content/uploads/2015/06/CENTRALNI-ZATVARAČ-a.jpg"><img loading="lazy" class="alignright wp-image-415" src="http://skolafotografijerijeka.com/wp-content/uploads/2015/06/CENTRALNI-ZATVARAČ-a.jpg" alt="CENTRALNI ZATVARAČ a" width="328" height="100" srcset="http://skolafotografijerijeka.com/wp-content/uploads/2015/06/CENTRALNI-ZATVARAČ-a.jpg 393w, http://skolafotografijerijeka.com/wp-content/uploads/2015/06/CENTRALNI-ZATVARAČ-a-300x92.jpg 300w, http://skolafotografijerijeka.com/wp-content/uploads/2015/06/CENTRALNI-ZATVARAČ-a-250x76.jpg 250w, http://skolafotografijerijeka.com/wp-content/uploads/2015/06/CENTRALNI-ZATVARAČ-a-150x46.jpg 150w" sizes="(max-width: 328px) 100vw, 328px" /></a><a href="http://skolafotografijerijeka.com/wp-content/uploads/2015/06/Naslovna-škola-4.jpg"><img loading="lazy" class="aligncenter size-full wp-image-174" src="http://skolafotografijerijeka.com/wp-content/uploads/2015/06/Naslovna-škola-4.jpg" alt="Naslovna škola 4" width="1050" height="330" srcset="http://skolafotografijerijeka.com/wp-content/uploads/2015/06/Naslovna-škola-4.jpg 1050w, http://skolafotografijerijeka.com/wp-content/uploads/2015/06/Naslovna-škola-4-300x94.jpg 300w, http://skolafotografijerijeka.com/wp-content/uploads/2015/06/Naslovna-škola-4-1024x322.jpg 1024w" sizes="(max-width: 1050px) 100vw, 1050px" /></a></p>

<p>Nema ništa ljepše nego kada dobijemo novi fotoaparat i to još u ovim digitalnim vremenima. Jer današnji fotoaparati su mala tehničko-tehnološka savršena pomagala. Da, baš pomagala, jer nas oslobađaju napora pamćenja, jer s njima fotografiramo sve i svašta, a da nas ništa ne košta. Fotografiramo porodične situacije ili pak bilješke… <a class="continue-reading-link" href="http://skolafotografijerijeka.com/index.php/osnovni-modul/">ČITAJ DALJE</a></p>
